72*p - 133. What is x(66)?
527
Let d(r) = -408822*r - 26164602. Determine d(-64).
6
Let z(x) = 5115*x + 61411. Calculate z(-12).
31
Let v(l) = -8*l**3 + 45*l**2 + 42*l - 168. Determine v(4).
208
Let d(y) = -187300*y + 374582. Give d(2).
-18
Let o(h) = 2*h**3 + 93*h**2 + 479*h + 15458. Calculate o(-45).
-22
Let b(a) = 4*a**3 + 71*a**2 + 20*a + 17. Calculate b(-17).
544
Let i(b) = 44674*b - 446745. What is i(10)?
-5
Let v(p) = 4*p**3 + 289*p**2 + 69*p - 245. Determine v(-72).
-29
Let s(p) = -73*p**2 + 603*p + 94. What is s(8)?
246
Let j(g) = -14*g**2 + 529*g - 1621. What is j(35)?
-256
Let a(s) = -17*s**3 + 303*s**2 - 304*s - 2. Calculate a(1).
-20
Let d(k) = -k**3 - 204*k**2 + 5266*k + 10209. Calculate d(-227).
-6
Let k(d) = -151*d + 21625. Calculate k(130).
1995
Let n(g) = -38*g**3 + 232*g**2 - 50*g - 82. Determine n(6).
-238
Let k(l) = 19*l**2 + 11346*l + 69061. Give k(-591).
-86
Let o(l) = -348*l**2 + 552*l - 332. Give o(1).
-128
Let i(j) = j**3 - 17*j**2 + 17*j + 28. Give i(16).
44
Let k(q) = -1281*q**2 + 203695*q - 2542. Determine k(159).
2
Let s(k) = 25942*k - 26076. Give s(1).
-134
Let o(j) = -2650*j + 426592. What is o(161)?
-58
Let r(l) = 14*l**2 - 2548*l - 7710. Give r(185).
60
Let i(k) = k**2 + 174585*k + 1222024. Give i(-7).
-22
Let i(d) = -2*d**3 - 217*d**2 + 331*d + 125. Determine i(-110).
15
Let j(u) = 362*u - 897. Give j(8).
1999
Let s(m) = -3*m**3 + 159*m**2 + 12805*m - 88. Calculate s(97).
9
Let w(p) = p**3 + 151*p**2 - 1249*p + 18. Determine w(8).
202
Let b(p) = p**3 + 261*p**2 + 2264*p - 1006. What is b(-252)?
2
Let a(b) = -354415*b + 16657509. Determine a(47).
4
Let x(t) = 51127*t - 3323262. Calculate x(65).
-7
Let d(k) = 2*k**3 + 185*k**2 - 3932*k - 825. Determine d(18).
3
Let f(v) = -1958*v - 5062. Give f(-3).
812
Let j(n) = -115691*n - 462838. Give j(-4).
-74
Let a(s) = -7*s**2 + 466*s + 276. Determine a(67).
75
Let l(u) = u**2 - 175846*u - 8266973. Determine l(-47).
-2
Let h(t) = -15*t**2 + 453*t + 1386. Give h(33).
0
Let a(g) = -157523*g - 787638. Determine a(-5).
-23
Let y(m) = -5*m**2 + 165*m - 321. Calculate y(2).
-11
Let q(x) = -100182*x + 701370. What is q(7)?
96
Let f(x) = -9059*x**3 - 20*x**2 - 7*x + 3. What is f(1)?
-9083
Let j(i) = -i**3 + 25*i**2 + 168*i - 71. Determine j(30).
469
Let f(x) = 12717*x - 267069. What is f(21)?
-12
Let d(s) = -9*s**2 - 256*s + 5021. Determine d(20).
-3699
Let t(b) = 42818*b**2 + 2269353*b - 47. Give t(-53).
6
Let c(q) = -199*q + 6122. Determine c(30).
152
Let f(w) = -w**2 - 167*w + 3078. What is f(17)?
-50
Let f(z) = -z**2 - 4748*z - 18995. Determine f(-4).
-19
Let u(q) = -4741*q - 61802. Give u(-13).
-169
Let z(c) = -c**3 - 13*c**2 + c - 195. What is z(-15)?
240
Let g(l) = -l**3 + 124*l**2 - 3115*l + 4945. Give g(90).
-5
Let t(v) = -97031*v - 970177. Give t(-10).
133
Let a(t) = -t**3 - 5*t**2 + 244*t + 1117. What is a(14)?
809
Let j(z) = -z**2 - 212*z + 9441. Calculate j(38).
-59
Let n(z) = -z**2 - 3557*z - 60171. Give n(-17).
9
Let p(j) = -j**3 - 690*j**2 - 43399*j - 21. Calculate p(-70).
-91
Let g(j) = 14*j**2 + 5217*j + 15534. What is g(-3)?
9
Let p(s) = -s**3 + 38*s**2 - 623*s + 2299. Give p(5).
9
Let v(w) = 13*w**2 + 3906*w - 377843. Determine v(77).
-4
Let p(s) = s**3 + 83*s**2 - 2297*s - 142817. What is p(-91)?
-38
Let k(t) = -221*t - 5464. Determine k(-21).
-823
Let s(o) = 10*o**2 + 339*o - 2911. Determine s(-41).
0
Let q(s) = 427*s + 105832. What is q(-248)?
-64
Let h(k) = -6568*k + 275847. What is h(42)?
-9
Let u(m) = -m**2 + 29630*m + 266755. What is u(-9)?
4
Let i(s) = s**2 + 1222*s + 24076. What is i(-20)?
36
Let m(v) = 7*v**2 - 1073*v + 14771. Calculate m(138).
5
Let m(z) = 159*z**2 + 1241*z - 18. Calculate m(-9).
1692
Let o(w) = 46*w**2 - 7256*w - 1891. Determine o(158).
5
Let f(h) = -228*h + 355. Calculate f(-1).
583
Let v(z) = -21126*z + 1816838. Give v(86).
2
Let z(p) = 3166*p + 24918. Give z(-8).
-410
Let x(k) = -k**3 + 139*k**2 - 4076*k + 56. What is x(42)?
-28
Let s(r) = -19*r**3 - 12*r**2 - 39*r - 48. Calculate s(-2).
134
Let v(g) = 3*g**3 - 55*g**2 - 727*g + 11734. What is v(21)?
-5
Let j(y) = -y**3 + 68*y**2 - 248*y + 22244. Determine j(69).
371
Let l(u) = 269*u**2 - 2574*u + 3370. Give l(8).
-6
Let c(l) = 2*l**3 - 47*l**2 + 329*l - 36. Calculate c(13).
692
Let p(z) = 142*z + 15753. What is p(-111)?
-9
Let r(w) = 2231302*w + 33469526. Calculate r(-15).
-4
Let c(j) = -j**3 - 124*j**2 + 8253*j - 525. Give c(-172).
-9
Let z(x) = -x**2 - 130*x - 1231. Determine z(-119).
78
Let o(x) = -7054*x - 38077. Determine o(-6).
4247
Let j(w) = w**3 - 6*w**2 + 39*w + 1558. Give j(-9).
-8
Let z(b) = 2*b**3 + 21214*b**2 + 106023*b + 41. Calculate z(-5).
26
Let l(b) = 2*b**3 - 13*b**2 + 4616*b - 32412. Calculate l(7).
-51
Let i(o) = -955*o + 9504. Give i(10).
-46
Let g(k) = 213*k**2 - 4441*k - 71. Calculate g(21).
601
Let y(r) = 3*r**2 - 157*r + 116. Calculate y(40).
-1364
Let d(t) = -8861*t + 11209172. Calculate d(1265).
7
Let n(r) = -122*r**2 - 2517*r + 8639. Give n(3).
-10
Let b(l) = -1089*l + 52770. Give b(48).
498
Let o(x) = 507*x + 5438. Determine o(-12).
-646
Let x(g) = 30*g**3 + 18*g**2 - 57*g - 9. Calculate x(3).
792
Let m(k) = 110*k + 2569. Determine m(-21).
259
Let t(b) = 10*b**3 - 5*b**2 + 1370*b - 2729. Determine t(2).
71
Let n(j) = -j**3 + 101*j**2 + 221*j - 2998. Determine n(103).
-1453
Let h(z) = -1860*z - 66874. Calculate h(-36).
86
Let z(t) = -13806*t + 41373. What is z(3)?
-45
Let m(n) = 190523*n + 762079. Give m(-4).
-13
Let w(m) = 2*m**2 + 279*m + 8369. What is w(-96)?
17
Let d(i) = 7644*i - 221701. Give d(29).
-25
Let w(v) = -4*v**3 + 439*v**2 + 76*v + 3746. Calculate w(110).
6
Let r(f) = 438*f - 34935. Determine r(80).
105
Let c(x) = -8*x**2 + 4391*x + 49831. Determine c(560).
-9
Let q(g) = 49*g**2 - 540*g + 978. What is q(2)?
94
Let g(x) = 1716*x - 17272. Calculate g(10).
-112
Let t(h) = -9*h**2 - 564*h - 406. What is t(-62)?
-34
Let p(y) = -7*y**3 + 87*y**2 - 220*y + 3521. Determine p(13).
-15
Let t(j) = 2*j**3 - 93*j**2 + 183*j - 344. Calculate t(44).
-1972
Let j(s) = 3*s**3 - 39*s**2 - 387*s - 379. What is j(20)?
281
Let a(u) = 1410*u - 17060. Give a(12).
-140
Let j(r) = r**2 - 23*r - 18. Determine j(20).
-78
Let a(t) = t**2 + 451*t - 15446. What is a(32)?
10
Let k(o) = 5254*o - 961474. Give k(183).
8
Let i(y) = 34*y**2 + 1660*y + 1661. Calculate i(-1).
35
Let y(x) = -x**2 + 12152*x + 24306. Determine y(-2).
-2
Let w(k) = k**3 - 101*k**2 + 1794*k - 92. Determine w(23).
-92
Let u(j) = -64*j**2 + 138*j - 51. Determine u(2).
-31
Let a(z) = 636*z - 33108. What is a(52)?
-36
Let c(v) = 119951*v - 479790. Calculate c(4).
14
Let z(l) = -l**2 - 47*l - 1502. Give z(-32).
-1022
Let m(l) = -l**2 - 298*l - 6522. Determine m(-27).
795
Let x(z) = 16*z**3 - 148*z**2 + 67*z - 28. Give x(9).
251
Let f(x) = 4*x**3 + 403*x**2 + 283*x - 1697. What is f(-100)?
3
Let l(p) = 2*p**3 + 10*p**2 + 325*p + 1824. What is l(-8)?
-1160
Let h(m) = 810*m - 9801. Determine h(12).
-81
Let h(d) = -2522*d - 12565. Calculate h(-5).
45
Let u(i) = -2797*i - 310472. What is u(-111)?
-5
Let q(o) = 17832*o + 180187. Determine q(-10).
1867
Let r(z) = 13925*z + 4330668. What is r(-311)?
-7
Let a(m) = 11*m**3 - 30*m**2 - 101*m + 129. What is a(1)?
9
Let u(w) = 10*w**2 + 299*w - 1405. What is u(-34)?
-11
Let m(s) = -2495*s - 2019. Determine m(-1).
476
Let i(m) = m**3 + 13*m**2 + 617*m + 8833. Give i(-14).
-1
Let s(r) = 8*r**2 + 65474*r - 458434. Calculate s(7).
276
Let r(d) = 5*d**2 + 1087*d - 674. What is r(-218)?
-20
Let f(n) = -68*n**2 + 733*n - 1468. Calculate f(2).
-274
Let c(u) = -471*u**2 + 90429*u + 579. Calculate c(192).
3
Let d(m) = -2*m**3 - 60*m**2 - 281*m + 145. What is d(-24)?
-23
Let f(k) = -2*k**2 - 578*k - 2179. Calculate f(-285).
101
Let f(u) = u**3 + 40*u**2 + 175*u + 285. Calculate f(-35).
285
Let p(a) = -3923*a + 400144. Calculate p(102).
-2
Let h(x) = -32872*x - 18. Determine h(0).
-18
Let j(k) = k**3 + 39*k**2 - 909*k + 2320. Determine j(3).
-29
Let k(u) = -u**3 - 122*u**2 + 137*u + 1817. Calculate k(-123).
95
Let t(r) = 15986*r + 63947. Calculate t(-4).
3
Let n(d) = -d**3 - 20*d**2 - 51*d - 461. Calculate n(-19).
147
Let j(r) = -5*r**3 + 65*r**2 - 104*r + 1416. Calculate j(13).
64
Let q(p) = -p**2 - 1387*p - 13670. Calculate q(-10).
100
Let t(m) = 2*m**3 - 18*m**2 